{"id":962,"date":"2022-01-18T21:16:20","date_gmt":"2022-01-18T20:16:20","guid":{"rendered":"https:\/\/inflancka4.pl\/?page_id=962"},"modified":"2024-03-18T17:07:13","modified_gmt":"2024-03-18T16:07:13","slug":"wybielanie","status":"publish","type":"page","link":"https:\/\/inflancka4.pl\/index.php\/wybielanie\/","title":{"rendered":"Wybielanie"},"content":{"rendered":"\n<p>Czy uwierzycie, \u017ce <strong>wybielanie z\u0119b\u00f3w<\/strong> jest praktykowane ju\u017c od \u015bredniowiecza? Na szcz\u0119\u015bcie, wszystko idzie naprz\u00f3d i stosowane obecnie metody mog\u0105 by\u0107 ca\u0142kowicie bezpieczne.<\/p>\n\n\n\n<p>U\u017cycie nadtlenku wodoru jako preparatu wybielaj\u0105cego zanotowano pierwszy raz w 1884 roku. Oczywi\u015bcie du\u017co si\u0119 zmieni\u0142o od tamtej pory. W 1918 roku odkryto, \u017ce wysokiej mocy \u015bwiat\u0142o pomaga przyspieszy\u0107 efekt, kt\u00f3ry daje nadtlenek wodoru. Z powodu braku system\u00f3w filtruj\u0105cych zaprzestano stosowania tej metody na wiele lat. Nast\u0119pnym prze\u0142omem by\u0142o wprowadzenie w 1989 roku nadtlenku karbamidu w szynach wybielaj\u0105cych. W 1996 roku wyprodukowano pierwszy laser wybielaj\u0105cy z\u0119by. Ostateczny prze\u0142om to 1999 i wprowadzenie Power\u2013Whitening jako najefektywniejszej metody <strong>wybielanie z\u0119b\u00f3w<\/strong> \u2013 po\u0142\u0105czenia specjalnego, przefiltrowanego \u015bwiat\u0142a oraz \u017celu. W systemie BEYOND&#x2122; tylko najbardziej efektywne fale s\u0105 emitowane do powierzchni z\u0119b\u00f3w. Wszystkie te zmiany doprowadzi\u0142y do nowego poziomu szybko\u015bci, bezpiecze\u0144stwa oraz jako\u015bci w <strong>wybielaniu z\u0119b\u00f3w<\/strong>.<\/p>\n\n\n\n<p>Przez lata spo\u017cywamy kolorowe jedzenie, pijemy kaw\u0119 lub herbat\u0119 czy te\u017c palimy papierosy, przez co z\u0119by zaczynaj\u0105 ciemnie\u0107. Regularne mycie mo\u017ce usun\u0105\u0107 cz\u0119\u015b\u0107 przebarwie\u0144 powierzchownych na szkliwie, lecz te, kt\u00f3re spenetrowa\u0142y g\u0142\u0119boko struktur\u0119 z\u0119ba s\u0105 trudne do usuni\u0119cia w zwyk\u0142y spos\u00f3b.<\/p>\n\n\n\n<figure class=\"wp-block-image\"><img decoding=\"async\" src=\"http:\/\/web.archive.org\/web\/20170212123539im_\/http:\/\/usmiechna5.com.pl\/uploads\/RTEmagicC_eb706e60bd.jpg.jpg\" alt=\"\"\/><\/figure>\n\n\n\n<p><strong>Wybielanie z\u0119b\u00f3w BEYOND<\/strong>&#x2122; to jednorazowy zabieg polegaj\u0105cy na na\u0142o\u017ceniu specjalnego \u017celu wybielaj\u0105cego na powierzchni\u0119 z\u0119b\u00f3w, a nast\u0119pnie aktywowaniu go przez \u015bwiat\u0142o akceleratora. <strong>\u017bel wybielaj\u0105cy<\/strong> oparty jest na nadtlenku wodoru oraz innych sk\u0142adnikach, kt\u00f3rych zadaniem jest zwi\u0119kszenie rezultatu oraz zmniejszenie wra\u017cliwo\u015bci. <strong>\u017bel wybielaj\u0105cy<\/strong> pod wp\u0142ywem \u015bwiat\u0142a z akceleratora Beyond Polus&#x2122; zwi\u0119ksza szybko\u015b\u0107 przechodzenia \u017celu wybielaj\u0105cego przez szkliwo do z\u0119biny. \u015awiat\u0142o emitowane przez akcelerator znacznie przyspiesza <strong>proces wybielania z\u0119b\u00f3w<\/strong> poprzez zwi\u0119kszenie cz\u0119stotliwo\u015bci, przy kt\u00f3rej zwi\u0105zki nadtlenku wodoru rozbijaj\u0105 si\u0119. To powoduje b\u0142yskawiczny efekt utleniania w \u015brodku struktury z\u0119ba, przez co widoczne przebarwienia s\u0105 rozbijane na mniejsze i utleniane. Efektem wybielania s\u0105 bia\u0142e, l\u015bni\u0105ce z\u0119by pacjenta. Ca\u0142y zabieg trwa ok. 45 minut, jednak jego d\u0142ugo\u015b\u0107 mo\u017ce si\u0119 r\u00f3\u017cni\u0107 w zale\u017cno\u015bci od przypadku.<\/p>\n\n\n\n<p>Zabieg BEYOND&#x2122; jest ca\u0142kowicie bezpieczny, wykonywany przez lekarza stomatologa. Z\u0119by po wybielaniu nie staj\u0105 si\u0119 &#8220;bardziej ch\u0142onne&#8221; dla barwi\u0105cych substancji, a trwa\u0142o\u015b\u0107 zabiegu zale\u017cy w najwi\u0119kszym stopniu od trybu \u017cyciu pacjenta. Efekt pozostaje widoczny \u015brednio przez 2 lata.<\/p>\n\n\n\n<p>\u017bel wybielaj\u0105cy BEYOND&#x2122; oparty na nadtlenku wodoru ma za zadanie utlenia\u0107 przebarwienia, kt\u00f3re znajduj\u0105 si\u0119 w strukturze z\u0119ba. Reakcja, jaka zachodzi w trakcie trwania zabiegu jest ca\u0142kowicie bezpieczna i nie r\u00f3\u017cni si\u0119 niczym od tej u\u017cywanej przez stomatolog\u00f3w od wielu lat, jedynie zaawansowana formu\u0142a \u017celu oraz specjalne \u015bwiat\u0142o emitowane przez akcelerator BEYOND&#x2122; powoduj\u0105, \u017ce czas utleniania trwa zaledwie od 24 do 45 minut, a uzyskane rezultaty s\u0105 zdecydowanie lepsze od innych metod.<\/p>\n\n\n\n<p>Nowy akcelerator BEYOND&#x2122; Polus\u00ae oparty jest na technologii LightBrigde&#x2122; (ang. \u015awietlny most) zaprojektowanej przez naukowc\u00f3w firmy Beyond Dental &amp; Health. Ta wyj\u0105tkowa metoda pozwala na dostarczenie \u015bwiat\u0142a z bardzo silnej \u017car\u00f3wki halogenowej o mocy 150W oraz \u015bwiat\u0142a z drugiego \u017ar\u00f3d\u0142a, kt\u00f3rym s\u0105 specjalne diody LED. \u015awiat\u0142o jest ca\u0142kowicie bezpieczne, gdy\u017c zostaje przefiltrowane przez 150,000 \u015bwiat\u0142owod\u00f3w oraz uk\u0142ad optyczny. Technologia LightBrigde&#x2122; \u0142\u0105czy obydwie d\u0142ugo\u015bci \u015bwiate\u0142, z dw\u00f3ch r\u00f3\u017cnych \u017ar\u00f3de\u0142 i tworzy tzw. \u015bwietlny most, kt\u00f3ry pozbawiony jest promieniowania UV oraz szkodliwego promieniowania podczerwonego. Rezultatem ko\u0144cowym jest \u015bwiat\u0142o o du\u017cej mocy, kt\u00f3rego fala pokrywa ca\u0142kowicie niebieskie spektrum najlepsze dla wybielania z\u0119b\u00f3w, co przenosi si\u0119 na najlepsze mo\u017cliwe rezultaty.<\/p>\n\n\n\n<p>Akcelerator wybielania BEYOND&#x2122; Polus\u00ae otrzyma\u0142 maksymaln\u0105 ocen\u0119 5+, oraz 98% zaakceptowanych przypadk\u00f3w klinicznych od Dental Advisor, ameryka\u0144skiej instytucji oceniaj\u0105cej urz\u0105dzenia oraz materia\u0142y stomatologiczne. Produkty otrzyma\u0142y r\u00f3wnie\u017c nagrod\u0119 Editors Choice Award przyznan\u0105 przez t\u0105 sam\u0105 instytucj\u0119.<\/p>\n\n\n\n<h3 class=\"wp-block-heading\">O BEYOND&#x2122; &#8211; Por\u00f3wnanie z innymi metodami<\/h3>\n\n\n\n<p><strong><a href=\"http:\/\/web.archive.org\/web\/20170212123539\/http:\/\/www.wybielanie.pl\/opis_systemu\" target=\"_blank\" rel=\"noreferrer noopener\">Wybielanie z\u0119b\u00f3w<\/a><\/strong> sta\u0142o si\u0119 bardzo konkurencyjnym rynkiem. Macie Pa\u0144stwo wyb\u00f3r pomi\u0119dzy systemem BEYOND&#x2122; a innymi popularnymi technikami takimi jak: szyny wybielaj\u0105ce wykonane przez stomatologa, produkty dost\u0119pne w aptece, czy te\u017c <strong>wybielanie<\/strong> w gabinecie oparte na lampach LED.<\/p>\n\n\n\n<p><strong>Szyny wybielaj\u0105ce wykonane przez stomatologa<\/strong> daj\u0105 dobre, d\u0142ugotrwa\u0142e rezultaty, lecz wymagaj\u0105 d\u0142ugiego czasu stosowania. \u017bel, kt\u00f3ry ma niskie st\u0119\u017cenie bardzo d\u0142ugo penetruje szkliwo oraz z\u0119bin\u0119, wymagane jest, aby \u017cel pozostawa\u0142 w kontakcie z z\u0119bami przez kilka godzin dziennie w ci\u0105gu kilku kolejnych dni. Niestety d\u0142ugotrwa\u0142y kontakt z \u017celem wybielaj\u0105cym, nawet o niskim st\u0119\u017ceniu, mo\u017ce spowodowa\u0107 d\u0142ugotrwa\u0142\u0105 siln\u0105 wra\u017cliwo\u015b\u0107 trwaj\u0105c\u0105 nawet kilka dni. Co wi\u0119cej, \u017cel niedok\u0142adnie jest oddzielony od dzi\u0105se\u0142 i mo\u017ce powodowa\u0107 znaczne ich podra\u017cnienie. Osoby decyduj\u0105ce si\u0119 na szyny wybielaj\u0105ce musz\u0105 liczy\u0107 si\u0119 z d\u0142ugotrwa\u0142\u0105 terapi\u0105.<\/p>\n\n\n\n<p><strong>Gotowe szyny wybielaj\u0105ce typu &#8220;Boil and Bite&#8221;<\/strong> dost\u0119pne s\u0105 w aptekach czy drogeriach daj\u0105 stosunkowo dobre rezultaty, lecz nie powinny by\u0107 stosowane bez uprzedniej konsultacji z dentyst\u0105. Niestety, w odr\u00f3\u017cnieniu do szyn wykonanych przez stomatologa, bardzo cz\u0119sto nie dopasowuj\u0105 si\u0119 one dok\u0142adnie do powierzchni z\u0119b\u00f3w, przez co preparat mo\u017ce swobodnie wyp\u0142ywa\u0107 z szyny. Mo\u017ce to powodowa\u0107 silne podra\u017cnienia tkanek mi\u0119kkich, jak r\u00f3wnie\u017c b\u00f3le \u017co\u0142\u0105dka spowodowane po\u0142ykaniem preparatu.<\/p>\n\n\n\n<p><strong>Produkty domowe, dost\u0119pne w sklepach czy aptekach<\/strong>, nadaj\u0105 si\u0119 w g\u0142\u00f3wnej mierze do podtrzymania rezultat\u00f3w, jednak nie mog\u0105 by\u0107 por\u00f3wnane do profesjonalnego wybielania wykonanego przez stomatologa. Co wi\u0119cej, nie wszystkie produkty s\u0105 dobrej jako\u015bci. Zach\u0119camy wi\u0119c Pa\u0144stwa do zakupu markowych produkt\u00f3w BEYOND&#x2122; dla podtrzymywania rezultat\u00f3w. Wiele konkurencyjnych produkt\u00f3w nie posiada nawet odpowiedniej certyfikacji dopuszczaj\u0105cej do sprzeda\u017cy na terenie Unii Europejskiej.<\/p>\n\n\n\n<p>Niestety wielu stomatolog\u00f3w u\u017cywa obecnie <strong>lamp LED do wybielania z\u0119b\u00f3w<\/strong>. Tanie lampy LED daj\u0105 du\u017co s\u0142absze rezultaty wybielania, przez co aby uzyska\u0107 te same rezultaty co z systemem BEYOND&#x2122; mo\u017ce by\u0107 wymagane kilka powt\u00f3rze\u0144. Dla por\u00f3wnania firma BEYOND&#x2122; sprzedaje lampy LED do wykorzystania przez pacjenta w domu, a nie jako profesjonalny sprz\u0119t dla lekarza. Nie poleca si\u0119 lamp LED jako metody profesjonalnego wybielania Power Whitening.<\/p>\n\n\n\n<p><strong>AKCELERATOR WYBIELAJ\u0104CY:<\/strong> Technologia oparta jest na zimnym, niebieskim \u015bwietle, przefiltrowanym przez 12000 \u015bwiat\u0142owod\u00f3w oraz specjalny uk\u0142ad optyczny, co sprawia, \u017ce szkodliwe promieniowanie ultrafioletowe (UV) oraz podczerwone (IR) jest ca\u0142kowicie wyeliminowane. Akcelerator oraz \u017cele BEYOND&#x2122; posiadaj\u0105 medyczne certyfikaty CE, FDA oraz ISO i s\u0105 jednymi z najbardziej bezpiecznych na rynku stomatologicznym. Zabieg wykonywany jest wy\u0142\u0105cznie pod nadzorem stomatologa, co jeszcze zwi\u0119ksza bezpiecze\u0144stwo pacjenta.<\/p>\n\n\n\n<p><strong>WRA\u017bLIWO\u015a\u0106:<\/strong> Niekt\u00f3re osoby mog\u0105 odczuwa\u0107 wra\u017cliwo\u015b\u0107 po zabiegu wybielania. Jest to ca\u0142kiem normalne zjawisko, kt\u00f3re ust\u0119puje w przeci\u0105gu 24 godzin od zabiegu. U wi\u0119kszo\u015bci os\u00f3b ust\u0119puje jednak w przeci\u0105gu kilku godzin po zabiegu.<\/p>\n\n\n\n<p><strong>KOLOR KO\u0143COWY:<\/strong> Ze wzgl\u0119du na strukturaln\u0105 budow\u0119 z\u0119ba, po zabiegu niekt\u00f3re osoby mog\u0105 zobaczy\u0107, \u017ce kolor ich z\u0119b\u00f3w nie jest r\u00f3wny, a w niekt\u00f3rych miejscach widoczne s\u0105 bia\u0142e plamy. Jest to efekt odwodnienia i minie w przeci\u0105gu kilku godzin od zabiegu. W tym okresie trzeba pi\u0107 jak najwi\u0119cej wody mineralnej.<\/p>\n\n\n\n<p><strong>PODRA\u017bNIENIE DZI\u0104SE\u0141:<\/strong> Czasami, w wyniku nieszczelno\u015bci na granicy dzi\u0105s\u0142a i brzegu korony z\u0119ba, dzi\u0105s\u0142o po zabiegu mo\u017ce sta\u0107 si\u0119 wyra\u017anie bia\u0142e. Jest to spowodowane utlenieniem tkanki mi\u0119kkiej. Taki efekt jest przej\u015bciowy i mo\u017ce utrzyma\u0107 si\u0119 do 30 minut.<\/p>\n\n\n\n<p><strong>DZIA\u0141ANIE DODATKOWE:<\/strong> Badania naukowe udowodni\u0142y, \u017ce niebieskie \u015bwiat\u0142o powoduje zmniejszenie ilo\u015bci bakterii znajduj\u0105cych si\u0119 w ustach pacjenta. \u015awiat\u0142o z lampy dzia\u0142a lepiej ni\u017c p\u0142yn dezynfekuj\u0105cy do p\u0142ukania ust.<\/p>\n\n\n\n<div class=\"wp-block-buttons is-content-justification-center is-layout-flex wp-container-core-buttons-is-layout-16018d1d wp-block-buttons-is-layout-flex\">\n<div class=\"wp-block-button\"><a class=\"wp-block-button__link wp-element-button\" href=\"https:\/\/iqdental.app\/rejestracja-wizyty\/5af462b8-9481-4a27-a171-9c626b2df83d\/new?l=31814\" target=\"_blank\" rel=\"noreferrer noopener\"><strong>Zarezerwuj online<\/strong><\/a><\/div>\n<\/div>\n","protected":false},"excerpt":{"rendered":"<p>Czy uwierzycie, \u017ce wybielanie z\u0119b\u00f3w jest praktykowane ju\u017c od \u015bredniowiecza? Na szcz\u0119\u015bcie, wszystko idzie naprz\u00f3d i stosowane obecnie metody mog\u0105 by\u0107 ca\u0142kowicie bezpieczne. U\u017cycie &hellip; <a href=\"https:\/\/inflancka4.pl\/index.php\/wybielanie\/\" class=\"readmore\">More <span class=\"screen-reader-text\">Wybielanie<\/span> &raquo;<\/a><\/p>\n","protected":false},"author":1,"featured_media":947,"parent":0,"menu_order":0,"comment_status":"closed","ping_status":"closed","template":"template-fullwidth.php","meta":{"_monsterinsights_skip_tracking":false,"_monsterinsights_sitenote_active":false,"_monsterinsights_sitenote_note":"","_monsterinsights_sitenote_category":0,"footnotes":""},"class_list":["post-962","page","type-page","status-publish","has-post-thumbnail","hentry"],"aioseo_notices":[],"_links":{"self":[{"href":"https:\/\/inflancka4.pl\/index.php\/wp-json\/wp\/v2\/pages\/962","targetHints":{"allow":["GET"]}}],"collection":[{"href":"https:\/\/inflancka4.pl\/index.php\/wp-json\/wp\/v2\/pages"}],"about":[{"href":"https:\/\/inflancka4.pl\/index.php\/wp-json\/wp\/v2\/types\/page"}],"author":[{"embeddable":true,"href":"https:\/\/inflancka4.pl\/index.php\/wp-json\/wp\/v2\/users\/1"}],"replies":[{"embeddable":true,"href":"https:\/\/inflancka4.pl\/index.php\/wp-json\/wp\/v2\/comments?post=962"}],"version-history":[{"count":2,"href":"https:\/\/inflancka4.pl\/index.php\/wp-json\/wp\/v2\/pages\/962\/revisions"}],"predecessor-version":[{"id":1563,"href":"https:\/\/inflancka4.pl\/index.php\/wp-json\/wp\/v2\/pages\/962\/revisions\/1563"}],"wp:featuredmedia":[{"embeddable":true,"href":"https:\/\/inflancka4.pl\/index.php\/wp-json\/wp\/v2\/media\/947"}],"wp:attachment":[{"href":"https:\/\/inflancka4.pl\/index.php\/wp-json\/wp\/v2\/media?parent=962"}],"curies":[{"name":"wp","href":"https:\/\/api.w.org\/{rel}","templated":true}]}}