{"id":53,"date":"2021-09-27T13:28:41","date_gmt":"2021-09-27T11:28:41","guid":{"rendered":"http:\/\/inflancka4.pl\/?page_id=53"},"modified":"2022-01-25T15:25:35","modified_gmt":"2022-01-25T14:25:35","slug":"polityka-prywatnosci","status":"publish","type":"page","link":"https:\/\/inflancka4.pl\/index.php\/polityka-prywatnosci\/","title":{"rendered":"Polityka prywatno\u015bci"},"content":{"rendered":"\n<h2 class=\"wp-block-heading\">SZANOWNI PA\u0143STWO<\/h2>\n\n\n\n<p>W zwi\u0105zku z zapisami art. 13 oraz art. 14 ROZPORZ\u0104DZENIA PARLAMENTU EUROPEJSKIEGO I RADY (UE) 2016\/679 z dnia 27 kwietnia 2016 r. w sprawie ochrony os\u00f3b fizycznych w zwi\u0105zku z przetwarzaniem danych osobowych i w sprawie swobodnego przep\u0142ywu takich danych oraz uchylenia dyrektywy 95\/46\/WE (og\u00f3lne rozporz\u0105dzenie o ochronie danych) (Dz.U.UE. z 2016 r., L 119, poz. 1) informujemy, \u017ce <strong>Administratorem<\/strong> Pa\u0144stwa danych osobowych jest:<\/p>\n\n\n\n<p><strong>&#8220;U\u015bmiech na 5&#8221; Sp\u00f3\u0142ka z ograniczon\u0105 odpowiedzialno\u015bci\u0105 z siedzib\u0105 we Wroc\u0142awiu, zarejestrowana w S\u0105dzie Rejonowym dla Wroc\u0142awia-Fabrycznej, VI Wydzia\u0142 Gospodarczy Krajowego Rejestru S\u0105dowego pod nr KRS 0000397794; NIP: 8952006557 REGON: 021730877, ul.Inflancka 4, 51-354 Wroc\u0142aw.<\/strong><\/p>\n\n\n\n<p>Na mocy art. 37 ust. 1 lit. a) RODO Administrator (AD) powo\u0142a\u0142 Inspektora Ochrony Danych (IOD), kt\u00f3ry w jego imieniu nadzoruje sfer\u0119 przetwarzania danych osobowych. Z IOD mo\u017cna kontaktowa\u0107 si\u0119 pod adresem mail <a href=\"mailto:gabinet@inflancka4.pl\"><u>gabinet@inflancka4.pl<\/u><\/a>, listownie lub osobi\u015bcie w siedzibie AD.<\/p>\n\n\n\n<p>Administrator przetwarza Pa\u0144stwa dane w celach zdrowotnych w szczeg\u00f3lno\u015bci w celu prowadzenia <strong>profilaktyki zdrowotnej , diagnozy medycznej i leczenia, zapewnienia opieki zdrowotnej oraz zarz\u0105dzania systemami i us\u0142ugami opieki zdrowotnej, zapewnienia zabezpieczenia spo\u0142ecznego oraz zarz\u0105dzania systemami i us\u0142ugami zabezpieczenia spo\u0142ecznego<\/strong><\/p>\n\n\n\n<p>Administrator przetwarza Pa\u0144stwa dane osobowe <strong>w \u015bci\u015ble okre\u015blonym, minimalnym zakresie<\/strong> niezb\u0119dnym do osi\u0105gni\u0119cia cel\u00f3w, o kt\u00f3rych mowa powy\u017cej.<\/p>\n\n\n\n<p><strong>Pa\u0144stwa dane b\u0119d\u0105 przetwarzane na podstawie art. 6 ust. 1 pkt c) og\u00f3lnego rozporz\u0105dzenia o ochronie danych osobowych z dnia 27 kwietnia 2016 r.\u201d<\/strong><\/p>\n\n\n\n<p>W szczeg\u00f3lnych sytuacjach Administrator mo\u017ce przekaza\u0107\/powierzy\u0107 Pa\u0144stwa dane innym podmiotom. Podstaw\u0105 przekazania\/powierzenia danych s\u0105 przepisy prawa (np. wymiar sprawiedliwo\u015bci, administracja skarbowa, podmioty zwi\u0105zane z obs\u0142ug\u0105 sfery socjalnej \u2013 ZUS, PFRON) lub w\u0142a\u015bciwie skonstruowane, zapewniaj\u0105ce bezpiecze\u0144stwo danym osobowym, umowy powierzenia danych do przetwarzania (np. z podmiotami sektora teleinformatycznego i telekomunikacyjnego, przetwarzania danych).<\/p>\n\n\n\n<p>Pa\u0144stwa dane osobowe nie b\u0119d\u0105 przetwarzane w spos\u00f3b zautomatyzowany i nie b\u0119d\u0105 profilowane<\/p>\n\n\n\n<p>Podanie danych przez Pa\u0144stwa jest dobrowolne, ale niezb\u0119dne w celu korzystania z us\u0142ug medycznych.<\/p>\n\n\n\n<p>Ka\u017cda osoba, z wyj\u0105tkami zastrze\u017conymi przepisami prawa, ma mo\u017cliwo\u015b\u0107:<\/p>\n\n\n\n<ul class=\"wp-block-list\"><li>dost\u0119pu do danych osobowych jej dotycz\u0105cych,<\/li><li>\u017c\u0105dania ich sprostowania,<\/li><li>usuni\u0119cia lub ograniczenia przetwarzania,<\/li><li>wniesienia sprzeciwu wobec przetwarzania.<\/li><\/ul>\n\n\n\n<p>Szczeg\u00f3\u0142owy spos\u00f3b realizacji przys\u0142uguj\u0105cych Pa\u0144stwu praw opisany jest w Karcie Praw Pacjenta .<\/p>\n\n\n\n<p>Przys\u0142uguje Pa\u0144stwu prawo do wniesienia skargi w zwi\u0105zku z przetwarzaniem danych osobowych do organu nadzorczego, kt\u00f3rym jest Generalny Inspektor Ochrony Danych Osobowych (adres: Generalny Inspektor Ochrony Danych Osobowych, ul. Stawki 2, 00-193 Warszawa).<\/p>\n\n\n\n<h3 class=\"wp-block-heading\">Polityka prywatno\u015bci i informacje o zbieranych danych osobowych przez formularz kontaktowy \/ rejestracyjny.<\/h3>\n\n\n\n<p>1. Administratorem danych osobowych wysy\u0142anych przez formularz kontaktowy jest <strong>&#8220;U\u015bmiech na 5&#8221; Sp\u00f3\u0142ka z ograniczon\u0105 odpowiedzialno\u015bci\u0105 <\/strong>z siedzib\u0105 we Wroc\u0142awiu, zarejestrowana w S\u0105dzie Rejonowym dla Wroc\u0142awia-Fabrycznej, VI Wydzia\u0142 Gospodarczy Krajowego Rejestru S\u0105dowego pod nr KRS 0000397794; NIP: 8952006557 REGON: 021730877, ul.Inflancka 4, 51-354 Wroc\u0142aw.<\/p>\n\n\n\n<p>2. Zbierane dane osobowe to:<\/p>\n\n\n\n<ul class=\"wp-block-list\"><li>imi\u0119 i nazwisko<\/li><li>adres e-mail<\/li><li>telefon<\/li><\/ul>\n\n\n\n<p>3. Dane wpisywane w formularzu kontaktowym b\u0119d\u0105 przetwarzane wy\u0142\u0105cznie&nbsp; w celu udzielenia odpowiedzi na zadane pytanie i\/lub rejestracji wizyty w Centrum Stomatologicznym Inflancka 4.<\/p>\n\n\n\n<p>4. U\u017cytkownik mo\u017ce poprawi\u0107 \/ zmieni\u0107 \/ usun\u0105\u0107 swoje dane, zg\u0142osi\u0107 skarg\u0119 w przypadku naruszenia bezpiecze\u0144stwa\u00a0danych lub przepis\u00f3w o ochronie danych, kontaktuj\u0105c si\u0119 z <strong>&#8220;U\u015bmiech na 5&#8221; Sp. z o.o. <\/strong>za pomoc\u0105:<\/p>\n\n\n\n<ul class=\"wp-block-list\"><li>pisz\u0105c na adres e-mail: gabinet@inflancka4.pl<\/li><li>formularz rejestracji\/zapytania na stronie inflancka4.pl<\/li><li>dzwoni\u0105c pod numery telefon\u00f3w:&nbsp;(+48) 500 208 900 , (+48) 71 792 3998, (+48) 71 792 3999<\/li><\/ul>\n\n\n\n<p>5. Dane osobowe wysy\u0142ane przez formularz kontaktowym nie zostan\u0105 wykorzystane do profilowania u\u017cytkownik\u00f3w w \u017cadnym zakresie.<\/p>\n\n\n\n<p>6. Dane b\u0119d\u0105 przechowywane do momentu cofni\u0119cia zgody w jeden ze sposob\u00f3w podanych w pkt. 4.<\/p>\n\n\n\n<p>7. Podanie danych przy&nbsp; wype\u0142nienia formularza kontaktowego\/rejestracyjnego jest dobrowolne. Nie podanie danych wskazanych jako wymagane (imi\u0119 i nazwisko, e-mail, zgoda na przetwarzanie danych osobowych) uniemo\u017cliwi wys\u0142anie formularza.<\/p>\n\n\n\n<h3 class=\"wp-block-heading\">Polityka plik\u00f3w cookies<\/h3>\n\n\n\n<p>Poni\u017csza Polityka Cookies okre\u015bla zasady zapisywania i uzyskiwania dost\u0119pu do danych na Urz\u0105dzeniach U\u017cytkownik\u00f3w korzystaj\u0105cych z Serwisu do cel\u00f3w \u015bwiadczenia us\u0142ug drog\u0105 elektroniczn\u0105 przez Administratora Serwisu.<\/p>\n\n\n\n<h4 class=\"wp-block-heading\">\u00a7 1 Definicje<\/h4>\n\n\n\n<ul class=\"wp-block-list\"><li><strong>Serwis<\/strong> \u2013 serwis internetowy dzia\u0142aj\u0105cy pod adresem inflancka4.pl.<\/li><li><strong>Serwis zewn\u0119trzny<\/strong> \u2013 serwis internetowe partner\u00f3w, us\u0142ugodawc\u00f3w lub us\u0142ugobiorc\u00f3w Administratora<\/li><li><strong>Administrator<\/strong> \u2013 <strong>&#8220;U\u015bmiech na 5&#8221; Sp\u00f3\u0142ka z ograniczon\u0105 odpowiedzialno\u015bci\u0105 <\/strong>z siedzib\u0105 we Wroc\u0142awiu, zarejestrowana w S\u0105dzie Rejonowym dla Wroc\u0142awia-Fabrycznej, VI Wydzia\u0142 Gospodarczy Krajowego Rejestru S\u0105dowego pod nr KRS 0000397794; NIP: 8952006557 REGON: 021730877, ul.Inflancka 4, 51-354 Wroc\u0142aw, \u015bwiadcz\u0105ca us\u0142ugi drog\u0105 elektroniczn\u0105 za po\u015brednictwem Serwisu oraz przechowuj\u0105ca i uzyskuj\u0105ca dost\u0119p do informacji w urz\u0105dzeniach U\u017cytkownika<\/li><li><strong>U\u017cytkownik<\/strong> \u2013 osoba fizyczna, dla kt\u00f3rej Administrator \u015bwiadczy us\u0142ugi drog\u0105 elektroniczna za po\u015brednictwem Serwisu.<\/li><li><strong>Urz\u0105dzenie<\/strong> \u2013 elektroniczne urz\u0105dzenie wraz z oprogramowaniem, za po\u015brednictwem, kt\u00f3rego U\u017cytkownik uzyskuje dost\u0119p do Serwisu<\/li><li><strong>Cookies (ciasteczka)<\/strong> \u2013 dane tekstowe gromadzone w formie plik\u00f3w zamieszczanych na Urz\u0105dzeniu U\u017cytkownika<\/li><\/ul>\n\n\n\n<h4 class=\"wp-block-heading\">\u00a7 2 Rodzaje Cookies<\/h4>\n\n\n\n<ul class=\"wp-block-list\"><li><strong>Cookies wewn\u0119trzne<\/strong> \u2013 pliki zamieszczane i odczytywane z Urz\u0105dzenia U\u017cytkownika przez system teleinformatyczny Serwisu<\/li><li><strong>Cookies zewn\u0119trzne<\/strong> \u2013 pliki zamieszczane i odczytywane z Urz\u0105dzenia U\u017cytkownika przez systemy teleinformatyczne Serwis\u00f3w zewn\u0119trznych<\/li><li><strong>Cookies sesyjne<\/strong> \u2013 pliki zamieszczane i odczytywane z Urz\u0105dzenia U\u017cytkownika przez Serwis lub Serwisy zewn\u0119trzne podczas jednej sesji danego Urz\u0105dzenia. Po zako\u0144czeniu sesji pliki s\u0105 usuwane z Urz\u0105dzenia U\u017cytkownika.<\/li><li><strong>Cookies trwa\u0142e<\/strong> \u2013 pliki zamieszczane i odczytywane z Urz\u0105dzenia U\u017cytkownika przez Serwis lub Serwisy zewn\u0119trzne do momentu ich r\u0119cznego usuni\u0119cia. Pliki nie s\u0105 usuwane automatycznie po zako\u0144czeniu sesji Urz\u0105dzenia chyba \u017ce konfiguracja Urz\u0105dzenia U\u017cytkownika jest ustawiona na tryb usuwanie plik\u00f3w Cookie po zako\u0144czeniu sesji Urz\u0105dzenia.<\/li><\/ul>\n\n\n\n<h4 class=\"wp-block-heading\">\u00a7 3 Bezpiecze\u0144stwo<\/h4>\n\n\n\n<ul class=\"wp-block-list\"><li><strong>Mechanizmy sk\u0142adowania i odczytu<\/strong> \u2013 Mechanizmy sk\u0142adowania i odczytu Cookies nie pozwalaj\u0105 na pobierania jakichkolwiek danych osobowych ani \u017cadnych informacji poufnych z Urz\u0105dzenia U\u017cytkownika. Przeniesienie na Urz\u0105dzenie U\u017cytkownika wirus\u00f3w, koni troja\u0144skich oraz innych robak\u00f3w jest praktycznie niemo\u017cliwe.<\/li><li><strong>Cookie wewn\u0119trzne<\/strong> \u2013 zastosowane przez Administratora Cookie wewn\u0119trzne s\u0105 bezpieczne dla Urz\u0105dze\u0144 U\u017cytkownik\u00f3w<\/li><li><strong>Cookie zewn\u0119trzne<\/strong> \u2013 za bezpiecze\u0144stwo plik\u00f3w Cookie pochodz\u0105cych od partner\u00f3w Serwisu Administrator nie ponosi odpowiedzialno\u015bci. Lista partner\u00f3w zamieszczona jest w dalszej cz\u0119\u015bci Polityki Cookie.<\/li><\/ul>\n\n\n\n<h4 class=\"wp-block-heading\">\u00a7 4 Cele do kt\u00f3rych wykorzystywane s\u0105 pliki Cookie<\/h4>\n\n\n\n<ul class=\"wp-block-list\" id=\"cele\"><li><strong>Usprawnienie i u\u0142atwienie dost\u0119pu do Serwisu<\/strong> \u2013 Administrator mo\u017ce przechowywa\u0107 w plikach Cookie informacje o preferencjach i ustawieniach u\u017cytkownika dotycz\u0105cych Serwisu aby usprawni\u0107, polepszy\u0107 i przy\u015bpieszy\u0107 \u015bwiadczenie us\u0142ug w ramach Serwisu.<\/li><li><strong>Marketing i reklama<\/strong> \u2013 Administrator oraz Serwisy zewn\u0119trzne wykorzystuj\u0105 pliki Cookie do cel\u00f3w marketingowych oraz serwowania reklam U\u017cytkownik\u00f3w.<\/li><li><strong>Dane statystyczne<\/strong> \u2013 Administrator oraz Serwisy zewn\u0119trzne wykorzystuje pliki Cookie do zbierania i przetwarzania danych statystycznych takich jak np. statystyki odwiedzin, statystyki Urz\u0105dze\u0144 U\u017cytkownik\u00f3w czy statystyki zachowa\u0144 u\u017cytkownik\u00f3w. Dane te zbierane s\u0105 w celu analizy i ulepszania Serwisu.<\/li><li><strong>Us\u0142ugi spo\u0142eczno\u015bciowe<\/strong> \u2013 Administrator oraz Serwisy zewn\u0119trzne wykorzystuj\u0105 pliki Cookie do wsparcia us\u0142ug spo\u0142eczno\u015bciowych<\/li><\/ul>\n\n\n\n<h4 class=\"wp-block-heading\">\u00a7 5 Serwisy zewn\u0119trzne<\/h4>\n\n\n\n<p id=\"zewinfo\">Administrator wsp\u00f3\u0142pracuje z nast\u0119puj\u0105cymi serwisami zewn\u0119trznymi, kt\u00f3re mog\u0105 zamieszcza\u0107 pliki Cookie na Urz\u0105dzeniach U\u017cytkownika:<\/p>\n\n\n\n<ul class=\"wp-block-list\" id=\"zewnetrzne\"><li><strong>Google Analytics<\/strong><\/li><li><strong>Google AdSense<\/strong><\/li><li><strong>Google AdWords<\/strong><\/li><li><strong>Facebook<\/strong><\/li><\/ul>\n\n\n\n<h4 class=\"wp-block-heading\">\u00a7 6 Mo\u017cliwo\u015bci okre\u015blania warunk\u00f3w przechowywania i uzyskiwania dost\u0119pu na Urz\u0105dzeniach U\u017cytkownika przez Serwis i Serwisy zewn\u0119trzne<\/h4>\n\n\n\n<ul class=\"wp-block-list\"><li>U\u017cytkownik mo\u017ce w dowolnym momencie, samodzielnie zmieni\u0107 ustawienia dotycz\u0105ce zapisywania, usuwania oraz dost\u0119pu do danych zapisanych plik\u00f3w Cookies<\/li><li>U\u017cytkownik mo\u017ce w dowolnym momencie usun\u0105\u0107 wszelkie zapisane do tej pory pliki Cookie korzystaj\u0105c z narz\u0119dzi Urz\u0105dzenia U\u017cytkownika za po\u015brednictwem kt\u00f3rego U\u017cytkownik korzysta z us\u0142ug Serwisu.<\/li><\/ul>\n\n\n\n<h4 class=\"wp-block-heading\">\u00a7 7 Wymagania Serwisu<\/h4>\n\n\n\n<ul class=\"wp-block-list\"><li>Ograniczenie zapisu i dost\u0119pu do plik\u00f3w Cookie na Urz\u0105dzeniu U\u017cytkownika mo\u017ce spowodowa\u0107 nieprawid\u0142owe dzia\u0142anie niekt\u00f3rych funkcji Serwisu.<\/li><li>Administrator nie ponosi \u017cadnej odpowiedzialno\u015bci za nieprawid\u0142owo dzia\u0142aj\u0105ce funkcje Serwisu w przypadku gdy U\u017cytkownik ograniczy w jakikolwiek spos\u00f3b mo\u017cliwo\u015b\u0107 zapisywania i odczytu plik\u00f3w Cookie.<\/li><\/ul>\n\n\n\n<h4 class=\"wp-block-heading\">\u00a7 8 Zmiany w Polityce Cookie<\/h4>\n\n\n\n<ul class=\"wp-block-list\"><li>Wprowadzone zmiany w Polityce Cookie zawsze b\u0119d\u0105 publikowane na tej stronie.<\/li><li>Wprowadzone zmiany wchodz\u0105 w \u017cycie w dniu publikacji Polityki Cookie.<\/li><\/ul>\n\n\n\n<p><\/p>\n","protected":false},"excerpt":{"rendered":"<p>SZANOWNI PA\u0143STWO W zwi\u0105zku z zapisami art. 13 oraz art. 14 ROZPORZ\u0104DZENIA PARLAMENTU EUROPEJSKIEGO I RADY (UE) 2016\/679 z dnia 27 kwietnia 2016 r. &hellip; <a href=\"https:\/\/inflancka4.pl\/index.php\/polityka-prywatnosci\/\" class=\"readmore\">More <span class=\"screen-reader-text\">Polityka prywatno\u015bci<\/span> &raquo;<\/a><\/p>\n","protected":false},"author":1,"featured_media":0,"parent":0,"menu_order":0,"comment_status":"closed","ping_status":"closed","template":"template-fullwidth.php","meta":{"_monsterinsights_skip_tracking":false,"_monsterinsights_sitenote_active":false,"_monsterinsights_sitenote_note":"","_monsterinsights_sitenote_category":0,"footnotes":""},"class_list":["post-53","page","type-page","status-publish","hentry"],"aioseo_notices":[],"_links":{"self":[{"href":"https:\/\/inflancka4.pl\/index.php\/wp-json\/wp\/v2\/pages\/53","targetHints":{"allow":["GET"]}}],"collection":[{"href":"https:\/\/inflancka4.pl\/index.php\/wp-json\/wp\/v2\/pages"}],"about":[{"href":"https:\/\/inflancka4.pl\/index.php\/wp-json\/wp\/v2\/types\/page"}],"author":[{"embeddable":true,"href":"https:\/\/inflancka4.pl\/index.php\/wp-json\/wp\/v2\/users\/1"}],"replies":[{"embeddable":true,"href":"https:\/\/inflancka4.pl\/index.php\/wp-json\/wp\/v2\/comments?post=53"}],"version-history":[{"count":3,"href":"https:\/\/inflancka4.pl\/index.php\/wp-json\/wp\/v2\/pages\/53\/revisions"}],"predecessor-version":[{"id":1091,"href":"https:\/\/inflancka4.pl\/index.php\/wp-json\/wp\/v2\/pages\/53\/revisions\/1091"}],"wp:attachment":[{"href":"https:\/\/inflancka4.pl\/index.php\/wp-json\/wp\/v2\/media?parent=53"}],"curies":[{"name":"wp","href":"https:\/\/api.w.org\/{rel}","templated":true}]}}