{"id":41,"date":"2021-09-27T13:07:31","date_gmt":"2021-09-27T11:07:31","guid":{"rendered":"http:\/\/inflancka4.pl\/?page_id=41"},"modified":"2024-03-18T17:07:53","modified_gmt":"2024-03-18T16:07:53","slug":"profilaktyka-i-higiena","status":"publish","type":"page","link":"https:\/\/inflancka4.pl\/index.php\/profilaktyka-i-higiena\/","title":{"rendered":"Profilaktyka i higiena"},"content":{"rendered":"\n<p>Wsp\u00f3\u0142czesna stomatologia to nie tylko tradycyjne leczenie z\u0119b\u00f3w, ale przede wszystkim profilaktyka chor\u00f3b jamy ustnej. K\u0142adziemy du\u017cy nacisk na higienizacj\u0119, fluorkowanie i instrukta\u017c higieny jamy ustnej. Pragniemy aby nasi pacjenci byli \u015bwiadomi jak dba\u0107 o w\u0142asny u\u015bmiech i zapobiega\u0107 chorobom przyz\u0119bia i pr\u00f3chnicy.<\/p>\n\n\n\n<p>P\u0141YTKA NAZ\u0118BNA CZY KAMIE\u0143?<\/p>\n\n\n\n<p>P\u0142ytka naz\u0119bna tworzy si\u0119 na powierzchni z\u0119b\u00f3w w wyniku kontaktu \u015bliny z jedzeniem i piciem. Jest to warstwa lepkiego, mi\u0119kkiego osadu, kt\u00f3ry mo\u017ce z \u0142atwo\u015bci\u0105 zosta\u0107 usuni\u0119ty podczas codziennego szczotkowania z\u0119b\u00f3w.<\/p>\n\n\n\n<p>Co si\u0119 dzieje, gdy p\u0142ytka nie zostanie doczyszczona ? Zaczyna si\u0119 wtedy proces mineralizacji, czyli utwardzania p\u0142ytki, a tym samym tworzenia kamienia naz\u0119bnego. Kamie\u0144 naddzi\u0105s\u0142owy jest widoczny na z\u0119bie i ma zazwyczaj kolor bia\u0142y, kremowy lub \u017c\u00f3\u0142ty. Natomiast kamie\u0144 poddzi\u0105s\u0142owy nie jest widoczny, ale cz\u0119sto przybiera kolor ciemnobr\u0105zowy, a nawet czarny i jest bardzo niekorzystny dla okolic przyz\u0119bia.<\/p>\n\n\n\n<p>SCALING \u2013 CO TO JEST?<\/p>\n\n\n\n<p>Jest to usuwanie kamienia (z\u0142og\u00f3w naz\u0119bnych). W naszym gabinecie wykonujemy zabieg scalingu przy pomocy ultrad\u017awi\u0119k\u00f3w. Specjaln\u0105 ko\u0144c\u00f3wk\u0105 usuwamy kamie\u0144 z powierzchni z\u0119b\u00f3w, przestrzeni oraz je\u015bli jest taka konieczno\u015b\u0107 spod dzi\u0105se\u0142. Zabieg usuwania kamienia jest bezpieczny i nieinwazyjny, zazwyczaj dobrze tolerowany przez naszych Pacjent\u00f3w, gdy\u017c dok\u0142adamy wszelkich stara\u0144, by osi\u0105gn\u0105\u0107 cel bez dyskomfortu Pacjenta. Etapem ko\u0144cowym zabiegu jest zawsze polerowanie&nbsp; z\u0119b\u00f3w (tzw. polishing) przy u\u017cyciu szczoteczki oraz specjalnej pasty polerskiej. Zalecamy r\u00f3wnie\u017c fluoryzacj\u0119, kt\u00f3ra stanowi doskona\u0142e uzupe\u0142ninie zabiegu, znosi ewentualn\u0105 nadwra\u017cliwo\u015b\u0107 pozabiegow<a><\/a>\u0105, ale nie jest niezb\u0119dna.<\/p>\n\n\n\n<p>JAK CZ\u0118STO NALE\u017bY USUWA\u0106 KAMIE\u0143?<\/p>\n\n\n\n<p>Og\u00f3lnie przyj\u0119ta cz\u0119stotliwo\u015b\u0107 to 2 razy w roku. Jednak kwestia odk\u0142adania kamienia jest zr\u00f3\u017cnicowana i zale\u017cy od sk\u0142adu \u015bliny, diety oraz higieny jamy ustnej. Dlatego w naszym gabinecie przyjmujemy zasad\u0119 indywidualnego dobierania odst\u0119p\u00f3w czasowych. Zalecamy przegl\u0105d stomatologiczny co p\u00f3\u0142 roku i w trakcie tej wizyty lekarz przekazuje Pacjentowi dalsze zalecenia.<\/p>\n\n\n\n<p>OSAD NAZ\u0118BNY TO NIE KAMIE\u0143<\/p>\n\n\n\n<p>Osad jest to nalot, kt\u00f3ry tworzy si\u0119 na powierzchni szkliwa. Zazwyczaj wygl\u0105da jak przebarwienie i ma kolor jasno lub ciemnobr\u0105zowy, a u palaczy niemal czarny. Jaka jest przyczyna powstawania osad\u00f3w? Z pewno\u015bci\u0105 palenie papieros\u00f3w, picie du\u017cej ilo\u015bci czarnej herbaty i kawy oraz niedostateczna higiena jamy ustnej, to czynniki sprzyjaj\u0105ce. Jednak czasami jest to po prostu sk\u0142onno\u015b\u0107 indywidualna, zbyt ma\u0142a ilo\u015b\u0107 \u015bliny lub zbyt g\u0119sta \u015blina, b\u0105d\u017a taki jej sk\u0142ad, kt\u00f3ry stymuluje proces osadzania nalot\u00f3w.<\/p>\n\n\n\n<p>PIASKOWANIE ?<br>Dla Pacjent\u00f3w, kt\u00f3rzy zmagaj\u0105 si\u0119 z osadami naz\u0119bnymi posiadamy w ofercie zabieg usuwania osad\u00f3w metod\u0105 piaskowania przy u\u017cyciu piaskarki. Posiada ona ko\u0144c\u00f3wk\u0119 z kt\u00f3rej wydobywa si\u0119 pod ci\u015bnieniem powietrza, specjalny piasek i woda. Cz\u0105steczki piasku uderzaj\u0105c o powierzchni\u0119 z\u0119ba zbijaj\u0105 powsta\u0142y nalot, pozostawiaj\u0105c struktur\u0119 g\u0142adk\u0105 i czyst\u0105. Nasi Pacjenci oceniaj\u0105 zabieg&nbsp; jako bezbolesny i przyjemny.<\/p>\n\n\n\n<p>PAKIET<\/p>\n\n\n\n<p>Dla Pacjent\u00f3w, kt\u00f3rzy zainteresowani s\u0105 higienizacj\u0105 w pe\u0142nym zakresie, stworzyli\u015bmy PAKIET HIGIENIZACYJNY. W jego sk\u0142ad wchodzi usuwanie kamienia, osad\u00f3w naz\u0119bnych oraz fluoryzacja. Po takim wszechstronnym zabiegu Pacjent ma pi\u0119kny u\u015bmiech, czyste i zabezpieczone z\u0119by. Pakiet, to r\u00f3wnie\u017c lepsza oferta cenowa, a tym samym wi\u0119cej za mniej<\/p>\n\n\n\n<p>ZALECENIA POZABIEGOWE<\/p>\n\n\n\n<p>Zar\u00f3wno po scalingu jak i piaskowaniu zalecamy Pacjentom bezpo\u015brednio po&nbsp;&nbsp; zabiegu \u201ebia\u0142\u0105 diet\u0119\u201d. Zale\u017cy nam, by Pacjenci unikali produkt\u00f3w spo\u017cywczych, kt\u00f3re mog\u0105 przebarwi\u0107 z\u0119by, takich jak: kawa, czarna herbata, czerwone wino, buraki, ciemne owoce i warzywa, a tak\u017ce palenie papieros\u00f3w. Produkty kwa\u015bne i z zawarto\u015bci\u0105 alkoholu s\u0105 niewskazane ze wzgl\u0119du na delikatne podra\u017cnienie dzi\u0105se\u0142. Natomiast po piaskowaniu zalecamy spo\u017cywanie wi\u0119kszej ilo\u015bci wody, gdy\u017c jama ustna mo\u017ce by\u0107 lekko przesuszona, a tym samym mo\u017ce wyst\u0119powa\u0107 wzmo\u017cone pragnienie.<\/p>\n\n\n\n<h2 class=\"wp-block-heading\" id=\"lakowanie\">Lakowanie<\/h2>\n\n\n\n<p>CO TO JEST LAKOWANIE Z\u0118B\u00d3W?<\/p>\n\n\n\n<p>Lakowanie, to zabieg profilaktyczny polegaj\u0105cy na uszczelnianiu bruzd, szczelin, zag\u0142\u0119bie\u0144. Zazwyczaj w z\u0119bach sta\u0142ych trzonowych. Zabieg wykonywany jest lakiem w kt\u00f3rym zawarty jest fluor, a jego zadaniem jest wzmocnienie z\u0119b\u00f3w i ochrona przed pr\u00f3chnic\u0105 w szczeg\u00f3lnie nara\u017conych miejscach.<\/p>\n\n\n\n<p>JAK WYGL\u0104DA ZABIEG LAKOWANIA W NASZYM GABINECIE<\/p>\n\n\n\n<p>Przed lakowaniem myjemy naszym Pacjentom danego z\u0119ba szczoteczk\u0105 i past\u0105. Nast\u0119pnie osuszamy i nak\u0142adamy \u017cel wytrawiaj\u0105cy obszar, kt\u00f3ry b\u0119dzie pokryty lakiem. Po wytrawieniu, wyp\u0142ukaniu i osuszeniu nak\u0142adamy lak i rozprowadzamy go we wszystkich naturalnych bruzdach i szczelinach. Ostatnim etapem jest utwardzenie laku lamp\u0105 \u015bwiat\u0142outwardzaln\u0105. Po wykonanym zabiegu z\u0105b jest g\u0142adki, a powierzchnia \u0142atwa do utrzymania prawid\u0142owej piel\u0119gnacji. Lak chroni z\u0105b przed bakteriami, kt\u00f3re przyczyniaj\u0105 si\u0119 do powstawania pr\u00f3chnicy.<\/p>\n\n\n\n<p>LAKOWANIE POSZERZONE<\/p>\n\n\n\n<p>Kiedy bruzda z\u0119ba jest ju\u017c zaatakowana przez pr\u00f3chnic\u0119 pocz\u0105tkow\u0105, wykonujemy poszerzone lakowanie. Przed zabiegiem lakowania, lekarz oczyszcza mechanicznie bruzd\u0119 i dzi\u0119ki temu z\u0105b mo\u017ce zosta\u0107 zalakowany.<\/p>\n\n\n\n<p><a><\/a>DLACZEGO WARTO LAKOWA\u0106 Z\u0118BY<\/p>\n\n\n\n<p>Z\u0119by trzonowe maj\u0105 g\u0142\u0119bokie bruzdy i cz\u0119sto s\u0105 one trudne do oczyszczenia przez szczoteczk\u0119, poniewa\u017c w\u0142osie szczoteczki mo\u017ce mie\u0107 zbyt du\u017c\u0105 \u015brednic\u0119. Pomimo codziennego szczotkowania zag\u0142\u0119bienia i bruzdy mog\u0105 pozosta\u0107 niedoczyszczone. Nowo wyr\u017cni\u0119te z\u0119by s\u0105 jeszcze s\u0142abo zmineralizowane, zw\u0142aszcza w szczelinach, a tym samym bardziej nara\u017cone na pr\u00f3chnic\u0119.<\/p>\n\n\n\n<p>Zabieg lakowania jest nieinwazyjny i bezbolesny.<\/p>\n\n\n\n<p>Zalecamy naszym Pacjentom regularne wizyty kontrolne co 3 miesi\u0105ce w celu sprawdzenia szczelno\u015bci laku.<\/p>\n\n\n\n<div class=\"wp-block-buttons is-content-justification-center is-layout-flex wp-container-core-buttons-is-layout-16018d1d wp-block-buttons-is-layout-flex\">\n<div class=\"wp-block-button\"><a class=\"wp-block-button__link wp-element-button\" href=\"https:\/\/iqdental.app\/rejestracja-wizyty\/5af462b8-9481-4a27-a171-9c626b2df83d\/new?l=31814\" target=\"_blank\" rel=\"noreferrer noopener\"><strong>Zarezerwuj online<\/strong><\/a><\/div>\n<\/div>\n","protected":false},"excerpt":{"rendered":"<p>Wsp\u00f3\u0142czesna stomatologia to nie tylko tradycyjne leczenie z\u0119b\u00f3w, ale przede wszystkim profilaktyka chor\u00f3b jamy ustnej. K\u0142adziemy du\u017cy nacisk na higienizacj\u0119, fluorkowanie i instrukta\u017c higieny &hellip; <a href=\"https:\/\/inflancka4.pl\/index.php\/profilaktyka-i-higiena\/\" class=\"readmore\">More <span class=\"screen-reader-text\">Profilaktyka i higiena<\/span> &raquo;<\/a><\/p>\n","protected":false},"author":1,"featured_media":944,"parent":0,"menu_order":0,"comment_status":"closed","ping_status":"closed","template":"template-fullwidth.php","meta":{"_monsterinsights_skip_tracking":false,"_monsterinsights_sitenote_active":false,"_monsterinsights_sitenote_note":"","_monsterinsights_sitenote_category":0,"footnotes":""},"class_list":["post-41","page","type-page","status-publish","has-post-thumbnail","hentry"],"aioseo_notices":[],"_links":{"self":[{"href":"https:\/\/inflancka4.pl\/index.php\/wp-json\/wp\/v2\/pages\/41","targetHints":{"allow":["GET"]}}],"collection":[{"href":"https:\/\/inflancka4.pl\/index.php\/wp-json\/wp\/v2\/pages"}],"about":[{"href":"https:\/\/inflancka4.pl\/index.php\/wp-json\/wp\/v2\/types\/page"}],"author":[{"embeddable":true,"href":"https:\/\/inflancka4.pl\/index.php\/wp-json\/wp\/v2\/users\/1"}],"replies":[{"embeddable":true,"href":"https:\/\/inflancka4.pl\/index.php\/wp-json\/wp\/v2\/comments?post=41"}],"version-history":[{"count":4,"href":"https:\/\/inflancka4.pl\/index.php\/wp-json\/wp\/v2\/pages\/41\/revisions"}],"predecessor-version":[{"id":1564,"href":"https:\/\/inflancka4.pl\/index.php\/wp-json\/wp\/v2\/pages\/41\/revisions\/1564"}],"wp:featuredmedia":[{"embeddable":true,"href":"https:\/\/inflancka4.pl\/index.php\/wp-json\/wp\/v2\/media\/944"}],"wp:attachment":[{"href":"https:\/\/inflancka4.pl\/index.php\/wp-json\/wp\/v2\/media?parent=41"}],"curies":[{"name":"wp","href":"https:\/\/api.w.org\/{rel}","templated":true}]}}