{"id":37,"date":"2021-09-27T13:06:45","date_gmt":"2021-09-27T11:06:45","guid":{"rendered":"http:\/\/inflancka4.pl\/?page_id=37"},"modified":"2024-03-18T17:06:47","modified_gmt":"2024-03-18T16:06:47","slug":"stomatologia-zachowawcza","status":"publish","type":"page","link":"https:\/\/inflancka4.pl\/index.php\/stomatologia-zachowawcza\/","title":{"rendered":"Stomatologia zachowawcza"},"content":{"rendered":"\n<p>Stomatologia zachowawcza zajmuje si\u0119 leczeniem i odbudow\u0105 ubytk\u00f3w z\u0119bowych. Wykorzystujemy do tego najnowsze materia\u0142y i metody post\u0119powania, aby uzyska\u0107 najlepszy efekt kosmetyczny.<\/p>\n\n\n\n<p>Stomatologia zachowawcza to dziedzina zajmuj\u0105ca si\u0119 leczeniem pr\u00f3chnicy, paradontopatii i zmian na b\u0142onach \u015bluzowych jamy ustnej.<\/p>\n\n\n\n<h2 class=\"wp-block-heading\">W zakresie naszych us\u0142ug oferujemy:<\/h2>\n\n\n\n<ul class=\"wp-block-list\">\n<li>wype\u0142nianie ubytk\u00f3w,<\/li>\n\n\n\n<li>leczenie endodontyczne (kana\u0142owe),<\/li>\n\n\n\n<li>profesjonalne czyszczenie z\u0119b\u00f3w: usuwanie kamienia oraz osadu naz\u0119bnego z zastosowaniem ultrad\u017awi\u0119k\u00f3w (scaling) oraz polerowanie,<\/li>\n\n\n\n<li>lakowanie bruzd z\u0119bowych,<\/li>\n\n\n\n<li>lakierowanie z\u0119b\u00f3w lakierem z fluorem,<\/li>\n\n\n\n<li>korekta kszta\u0142tu z\u0119b\u00f3w kompozytem,<\/li>\n\n\n\n<li>bi\u017cuteria naz\u0119bna,<\/li>\n\n\n\n<li>wybielanie z\u0119b\u00f3w,<\/li>\n<\/ul>\n\n\n\n<div class=\"wp-block-buttons is-content-justification-center is-layout-flex wp-container-core-buttons-is-layout-16018d1d wp-block-buttons-is-layout-flex\">\n<div class=\"wp-block-button\"><a class=\"wp-block-button__link wp-element-button\" href=\"https:\/\/iqdental.app\/rejestracja-wizyty\/5af462b8-9481-4a27-a171-9c626b2df83d\/new?l=31814\" target=\"_blank\" rel=\"noreferrer noopener\"><strong>Zarezerwuj online<\/strong><\/a><\/div>\n<\/div>\n","protected":false},"excerpt":{"rendered":"<p>Stomatologia zachowawcza zajmuje si\u0119 leczeniem i odbudow\u0105 ubytk\u00f3w z\u0119bowych. Wykorzystujemy do tego najnowsze materia\u0142y i metody post\u0119powania, aby uzyska\u0107 najlepszy efekt kosmetyczny. Stomatologia zachowawcza &hellip; <a href=\"https:\/\/inflancka4.pl\/index.php\/stomatologia-zachowawcza\/\" class=\"readmore\">More <span class=\"screen-reader-text\">Stomatologia zachowawcza<\/span> &raquo;<\/a><\/p>\n","protected":false},"author":1,"featured_media":948,"parent":0,"menu_order":0,"comment_status":"closed","ping_status":"closed","template":"template-fullwidth.php","meta":{"_monsterinsights_skip_tracking":false,"_monsterinsights_sitenote_active":false,"_monsterinsights_sitenote_note":"","_monsterinsights_sitenote_category":0,"footnotes":""},"class_list":["post-37","page","type-page","status-publish","has-post-thumbnail","hentry"],"aioseo_notices":[],"_links":{"self":[{"href":"https:\/\/inflancka4.pl\/index.php\/wp-json\/wp\/v2\/pages\/37","targetHints":{"allow":["GET"]}}],"collection":[{"href":"https:\/\/inflancka4.pl\/index.php\/wp-json\/wp\/v2\/pages"}],"about":[{"href":"https:\/\/inflancka4.pl\/index.php\/wp-json\/wp\/v2\/types\/page"}],"author":[{"embeddable":true,"href":"https:\/\/inflancka4.pl\/index.php\/wp-json\/wp\/v2\/users\/1"}],"replies":[{"embeddable":true,"href":"https:\/\/inflancka4.pl\/index.php\/wp-json\/wp\/v2\/comments?post=37"}],"version-history":[{"count":3,"href":"https:\/\/inflancka4.pl\/index.php\/wp-json\/wp\/v2\/pages\/37\/revisions"}],"predecessor-version":[{"id":1561,"href":"https:\/\/inflancka4.pl\/index.php\/wp-json\/wp\/v2\/pages\/37\/revisions\/1561"}],"wp:featuredmedia":[{"embeddable":true,"href":"https:\/\/inflancka4.pl\/index.php\/wp-json\/wp\/v2\/media\/948"}],"wp:attachment":[{"href":"https:\/\/inflancka4.pl\/index.php\/wp-json\/wp\/v2\/media?parent=37"}],"curies":[{"name":"wp","href":"https:\/\/api.w.org\/{rel}","templated":true}]}}