{"id":23,"date":"2021-09-27T13:24:17","date_gmt":"2021-09-27T11:24:17","guid":{"rendered":"http:\/\/inflancka4.pl\/?page_id=23"},"modified":"2025-04-17T20:52:16","modified_gmt":"2025-04-17T18:52:16","slug":"kontakt","status":"publish","type":"page","link":"https:\/\/inflancka4.pl\/index.php\/kontakt\/","title":{"rendered":"Kontakt"},"content":{"rendered":"\n<p>Chcesz dowiedzie\u0107 si\u0119 wi\u0119cej na temat leczenia? Jeste\u015b gotowy pozna\u0107 naszych lekarzy i ekspert\u00f3w stomatologii? <\/p>\n\n\n\n<div class=\"wp-block-buttons is-content-justification-center is-layout-flex wp-container-core-buttons-is-layout-16018d1d wp-block-buttons-is-layout-flex\">\n<div class=\"wp-block-button has-custom-width wp-block-button__width-75 has-custom-font-size has-medium-font-size\"><a class=\"wp-block-button__link has-luminous-vivid-amber-color has-text-color has-background has-link-color wp-element-button\" href=\"https:\/\/iqdental.app\/rejestracja-wizyty\/5af462b8-9481-4a27-a171-9c626b2df83d\/new?l=31814\" style=\"background-color:#1c3a28\">Zarezerwuj online<\/a><\/div>\n<\/div>\n\n\n\n<p><\/p>\n\n\n\n<p><\/p>\n\n\n<p>Jak do nas trafi\u0107? <\/p>\n<p><iframe title=\"Wroc\u0142aw, ul. Inflancka 4\" src=\"https:\/\/maps.google.com\/maps?q=Wroc%C5%82aw%2C%20ul.%20Inflancka%204&amp;t=m&amp;z=17&amp;output=embed&amp;iwloc=near\" aria-label=\"Wroc\u0142aw, ul. Inflancka 4\"><\/iframe><\/p>\n<p>W celu um\u00f3wienia wizyty zadzwo\u0144:<br \/><a href=\"tel: +48500208900\"><strong>500 208 900<\/strong><\/a><br \/><a href=\"tel: +48717923998\"><strong>71 79 23 998<\/strong><\/a><br \/><a href=\"tel: +48717923999\"><strong>71 79 23 999<\/strong><\/a><br \/>e-mail: gabinet@inflancka4.pl<\/p>","protected":false},"excerpt":{"rendered":"<p>Chcesz dowiedzie\u0107 si\u0119 wi\u0119cej na temat leczenia? Jeste\u015b gotowy pozna\u0107 naszych lekarzy i ekspert\u00f3w stomatologii? Jak do nas trafi\u0107? W celu um\u00f3wienia wizyty zadzwo\u0144:500 &hellip; <a href=\"https:\/\/inflancka4.pl\/index.php\/kontakt\/\" class=\"readmore\">More <span class=\"screen-reader-text\">Kontakt<\/span> &raquo;<\/a><\/p>\n","protected":false},"author":1,"featured_media":0,"parent":0,"menu_order":0,"comment_status":"closed","ping_status":"closed","template":"template-fullwidth.php","meta":{"_monsterinsights_skip_tracking":false,"_monsterinsights_sitenote_active":false,"_monsterinsights_sitenote_note":"","_monsterinsights_sitenote_category":0,"footnotes":""},"class_list":["post-23","page","type-page","status-publish","hentry"],"aioseo_notices":[],"_links":{"self":[{"href":"https:\/\/inflancka4.pl\/index.php\/wp-json\/wp\/v2\/pages\/23","targetHints":{"allow":["GET"]}}],"collection":[{"href":"https:\/\/inflancka4.pl\/index.php\/wp-json\/wp\/v2\/pages"}],"about":[{"href":"https:\/\/inflancka4.pl\/index.php\/wp-json\/wp\/v2\/types\/page"}],"author":[{"embeddable":true,"href":"https:\/\/inflancka4.pl\/index.php\/wp-json\/wp\/v2\/users\/1"}],"replies":[{"embeddable":true,"href":"https:\/\/inflancka4.pl\/index.php\/wp-json\/wp\/v2\/comments?post=23"}],"version-history":[{"count":39,"href":"https:\/\/inflancka4.pl\/index.php\/wp-json\/wp\/v2\/pages\/23\/revisions"}],"predecessor-version":[{"id":1674,"href":"https:\/\/inflancka4.pl\/index.php\/wp-json\/wp\/v2\/pages\/23\/revisions\/1674"}],"wp:attachment":[{"href":"https:\/\/inflancka4.pl\/index.php\/wp-json\/wp\/v2\/media?parent=23"}],"curies":[{"name":"wp","href":"https:\/\/api.w.org\/{rel}","templated":true}]}}