{"id":1569,"date":"2024-06-04T11:57:06","date_gmt":"2024-06-04T09:57:06","guid":{"rendered":"https:\/\/inflancka4.pl\/?page_id=1569"},"modified":"2024-06-05T00:51:07","modified_gmt":"2024-06-04T22:51:07","slug":"lek-dent-justyna-ostrowska","status":"publish","type":"page","link":"https:\/\/inflancka4.pl\/index.php\/lek-dent-justyna-ostrowska\/","title":{"rendered":"Lek. dent. Justyna Ostrowska"},"content":{"rendered":"\n<div class=\"wp-block-media-text alignwide is-stacked-on-mobile is-vertically-aligned-center is-image-fill\" style=\"grid-template-columns:47% auto\"><figure class=\"wp-block-media-text__media\" style=\"background-image:url(https:\/\/inflancka4.pl\/wp-content\/uploads\/2024\/06\/Justyna_Ostrowska.jpeg);background-position:56% 30%\"><img fetchpriority=\"high\" decoding=\"async\" width=\"530\" height=\"530\" src=\"https:\/\/inflancka4.pl\/wp-content\/uploads\/2024\/06\/Justyna_Ostrowska.jpeg\" alt=\"\" class=\"wp-image-1568 size-full\" srcset=\"https:\/\/inflancka4.pl\/wp-content\/uploads\/2024\/06\/Justyna_Ostrowska.jpeg 530w, https:\/\/inflancka4.pl\/wp-content\/uploads\/2024\/06\/Justyna_Ostrowska-300x300.jpeg 300w, https:\/\/inflancka4.pl\/wp-content\/uploads\/2024\/06\/Justyna_Ostrowska-150x150.jpeg 150w, https:\/\/inflancka4.pl\/wp-content\/uploads\/2024\/06\/Justyna_Ostrowska-400x400.jpeg 400w, https:\/\/inflancka4.pl\/wp-content\/uploads\/2024\/06\/Justyna_Ostrowska-350x350.jpeg 350w\" sizes=\"(max-width: 530px) 100vw, 530px\" \/><\/figure><div class=\"wp-block-media-text__content\">\n<h3 class=\"wp-block-heading\"><\/h3>\n\n\n\n<p class=\"has-medium-font-size\">Absolwentka Uniwersytetu Medycznego im. Karola Marcinkowskiego w Poznaniu, wydzia\u0142u lekarsko-dentystycznego oraz studi\u00f3w podyplomowych \u201eEstetyka Twarzy\u201d. Wsp\u00f3\u0142autorka prac naukowych opublikowanych w czasopismach polskich oraz zagranicznych. W pracy z pacjentami patrzy kompleksowo na mo\u017cliwo\u015bci leczenia\u00a0 z uwzgl\u0119dnieniem potrzeb pacjenta oraz po\u015bwi\u0119ca du\u017co czasu na szczeg\u00f3\u0142owe om\u00f3wienie problem\u00f3w ortodontycznych.<\/p>\n\n\n\n<p class=\"has-medium-font-size\">W trakcie specjalizacji z ortodoncji.<\/p>\n\n\n\n<div class=\"wp-block-buttons is-layout-flex wp-block-buttons-is-layout-flex\">\n<div class=\"wp-block-button has-custom-font-size is-style-outline has-small-font-size is-style-outline--1\"><a class=\"wp-block-button__link no-border-radius wp-element-button\" href=\"https:\/\/inflancka4.pl\/index.php\/nasz-zespol\/\">Poznaj pozosta\u0142ych cz\u0142onk\u00f3w zespo\u0142u<\/a><\/div>\n<\/div>\n<\/div><\/div>\n\n\n\n<div class=\"wp-block-buttons is-layout-flex wp-block-buttons-is-layout-flex\"><\/div>\n","protected":false},"excerpt":{"rendered":"Absolwentka Uniwersytetu Medycznego im. Karola Marcinkowskiego w Poznaniu, wydzia\u0142u lekarsko-dentystycznego oraz studi\u00f3w podyplomowych \u201eEstetyka Twarzy\u201d. Wsp\u00f3\u0142autorka prac naukowych opublikowanych w czasopismach polskich oraz zagranicznych. &hellip; <a href=\"https:\/\/inflancka4.pl\/index.php\/lek-dent-justyna-ostrowska\/\" class=\"readmore\">More <span class=\"screen-reader-text\">Lek. dent. Justyna Ostrowska<\/span> &raquo;<\/a>","protected":false},"author":1,"featured_media":0,"parent":0,"menu_order":0,"comment_status":"closed","ping_status":"closed","template":"template-fullwidth.php","meta":{"_monsterinsights_skip_tracking":false,"_monsterinsights_sitenote_active":false,"_monsterinsights_sitenote_note":"","_monsterinsights_sitenote_category":0,"footnotes":""},"class_list":["post-1569","page","type-page","status-publish","hentry"],"aioseo_notices":[],"_links":{"self":[{"href":"https:\/\/inflancka4.pl\/index.php\/wp-json\/wp\/v2\/pages\/1569","targetHints":{"allow":["GET"]}}],"collection":[{"href":"https:\/\/inflancka4.pl\/index.php\/wp-json\/wp\/v2\/pages"}],"about":[{"href":"https:\/\/inflancka4.pl\/index.php\/wp-json\/wp\/v2\/types\/page"}],"author":[{"embeddable":true,"href":"https:\/\/inflancka4.pl\/index.php\/wp-json\/wp\/v2\/users\/1"}],"replies":[{"embeddable":true,"href":"https:\/\/inflancka4.pl\/index.php\/wp-json\/wp\/v2\/comments?post=1569"}],"version-history":[{"count":3,"href":"https:\/\/inflancka4.pl\/index.php\/wp-json\/wp\/v2\/pages\/1569\/revisions"}],"predecessor-version":[{"id":1603,"href":"https:\/\/inflancka4.pl\/index.php\/wp-json\/wp\/v2\/pages\/1569\/revisions\/1603"}],"wp:attachment":[{"href":"https:\/\/inflancka4.pl\/index.php\/wp-json\/wp\/v2\/media?parent=1569"}],"curies":[{"name":"wp","href":"https:\/\/api.w.org\/{rel}","templated":true}]}}