{"id":1467,"date":"2024-02-26T15:09:31","date_gmt":"2024-02-26T14:09:31","guid":{"rendered":"https:\/\/inflancka4.pl\/?page_id=1467"},"modified":"2024-02-26T15:09:58","modified_gmt":"2024-02-26T14:09:58","slug":"agnieszka-jarosz","status":"publish","type":"page","link":"https:\/\/inflancka4.pl\/index.php\/agnieszka-jarosz\/","title":{"rendered":"dyplomowana higienistka stomatologiczna Agnieszka Jarosz"},"content":{"rendered":"\n<div class=\"wp-block-media-text alignwide is-stacked-on-mobile is-image-fill\"><figure class=\"wp-block-media-text__media\" style=\"background-image:url(https:\/\/inflancka4.pl\/wp-content\/uploads\/2024\/02\/101-1024x1024.jpg);background-position:50% 50%\"><img fetchpriority=\"high\" decoding=\"async\" width=\"1024\" height=\"1024\" src=\"https:\/\/inflancka4.pl\/wp-content\/uploads\/2024\/02\/101-1024x1024.jpg\" alt=\"\" class=\"wp-image-1401 size-full\" srcset=\"https:\/\/inflancka4.pl\/wp-content\/uploads\/2024\/02\/101-1024x1024.jpg 1024w, https:\/\/inflancka4.pl\/wp-content\/uploads\/2024\/02\/101-300x300.jpg 300w, https:\/\/inflancka4.pl\/wp-content\/uploads\/2024\/02\/101-150x150.jpg 150w, https:\/\/inflancka4.pl\/wp-content\/uploads\/2024\/02\/101-768x768.jpg 768w, https:\/\/inflancka4.pl\/wp-content\/uploads\/2024\/02\/101-400x400.jpg 400w, https:\/\/inflancka4.pl\/wp-content\/uploads\/2024\/02\/101-350x350.jpg 350w, https:\/\/inflancka4.pl\/wp-content\/uploads\/2024\/02\/101.jpg 1400w\" sizes=\"(max-width: 1024px) 100vw, 1024px\" \/><\/figure><div class=\"wp-block-media-text__content\">\n<h3 class=\"wp-block-heading\"><\/h3>\n\n\n\n<p class=\"has-medium-font-size\">W naszej klinice zajmuje si\u0119 profesjonaln\u0105 higienizacj\u0105 oraz profilaktyk\u0105. Uczestniczy\u0142a w wielu szkoleniach z zakresu higieny jamy ustnej. W pracy ceni sobie zgrany zesp\u00f3\u0142 i wzajemny szacunek. Prywatnie lubi podr\u00f3\u017cowa\u0107, a wolny czas sp\u0119dza\u0107 z rodzin\u0105 i przyjaci\u00f3\u0142mi.<\/p>\n\n\n\n<div class=\"wp-block-buttons is-layout-flex wp-block-buttons-is-layout-flex\">\n<div class=\"wp-block-button has-custom-font-size is-style-outline has-small-font-size is-style-outline--1\"><a class=\"wp-block-button__link no-border-radius wp-element-button\" href=\"https:\/\/inflancka4.pl\/index.php\/nasz-zespol\/\">Poznaj pozosta\u0142ych cz\u0142onk\u00f3w zespo\u0142u<\/a><\/div>\n<\/div>\n<\/div><\/div>\n\n\n\n<div class=\"wp-block-buttons is-layout-flex wp-block-buttons-is-layout-flex\"><\/div>\n","protected":false},"excerpt":{"rendered":"W naszej klinice zajmuje si\u0119 profesjonaln\u0105 higienizacj\u0105 oraz profilaktyk\u0105. Uczestniczy\u0142a w wielu szkoleniach z zakresu higieny jamy ustnej. W pracy ceni sobie zgrany zesp\u00f3\u0142 &hellip; <a href=\"https:\/\/inflancka4.pl\/index.php\/agnieszka-jarosz\/\" class=\"readmore\">More <span class=\"screen-reader-text\">dyplomowana higienistka stomatologiczna Agnieszka Jarosz<\/span> &raquo;<\/a>","protected":false},"author":1,"featured_media":0,"parent":0,"menu_order":0,"comment_status":"closed","ping_status":"closed","template":"template-fullwidth.php","meta":{"_monsterinsights_skip_tracking":false,"_monsterinsights_sitenote_active":false,"_monsterinsights_sitenote_note":"","_monsterinsights_sitenote_category":0,"footnotes":""},"class_list":["post-1467","page","type-page","status-publish","hentry"],"aioseo_notices":[],"_links":{"self":[{"href":"https:\/\/inflancka4.pl\/index.php\/wp-json\/wp\/v2\/pages\/1467","targetHints":{"allow":["GET"]}}],"collection":[{"href":"https:\/\/inflancka4.pl\/index.php\/wp-json\/wp\/v2\/pages"}],"about":[{"href":"https:\/\/inflancka4.pl\/index.php\/wp-json\/wp\/v2\/types\/page"}],"author":[{"embeddable":true,"href":"https:\/\/inflancka4.pl\/index.php\/wp-json\/wp\/v2\/users\/1"}],"replies":[{"embeddable":true,"href":"https:\/\/inflancka4.pl\/index.php\/wp-json\/wp\/v2\/comments?post=1467"}],"version-history":[{"count":1,"href":"https:\/\/inflancka4.pl\/index.php\/wp-json\/wp\/v2\/pages\/1467\/revisions"}],"predecessor-version":[{"id":1468,"href":"https:\/\/inflancka4.pl\/index.php\/wp-json\/wp\/v2\/pages\/1467\/revisions\/1468"}],"wp:attachment":[{"href":"https:\/\/inflancka4.pl\/index.php\/wp-json\/wp\/v2\/media?parent=1467"}],"curies":[{"name":"wp","href":"https:\/\/api.w.org\/{rel}","templated":true}]}}