{"id":1434,"date":"2024-02-26T14:33:23","date_gmt":"2024-02-26T13:33:23","guid":{"rendered":"https:\/\/inflancka4.pl\/?page_id=1434"},"modified":"2024-06-04T22:15:59","modified_gmt":"2024-06-04T20:15:59","slug":"lek-stom-adrianna-buraczynska","status":"publish","type":"page","link":"https:\/\/inflancka4.pl\/index.php\/lek-stom-adrianna-buraczynska\/","title":{"rendered":"Lek. stom. Adrianna Buraczy\u0144ska"},"content":{"rendered":"\n<div class=\"wp-block-media-text alignwide is-stacked-on-mobile is-image-fill\"><figure class=\"wp-block-media-text__media\" style=\"background-image:url(https:\/\/inflancka4.pl\/wp-content\/uploads\/2024\/02\/AB-edited-1-768x1024.jpg);background-position:59% 37%\"><img fetchpriority=\"high\" decoding=\"async\" width=\"768\" height=\"1024\" src=\"https:\/\/inflancka4.pl\/wp-content\/uploads\/2024\/02\/AB-edited-1-768x1024.jpg\" alt=\"\" class=\"wp-image-1372 size-full\" srcset=\"https:\/\/inflancka4.pl\/wp-content\/uploads\/2024\/02\/AB-edited-1-768x1024.jpg 768w, https:\/\/inflancka4.pl\/wp-content\/uploads\/2024\/02\/AB-edited-1-225x300.jpg 225w, https:\/\/inflancka4.pl\/wp-content\/uploads\/2024\/02\/AB-edited-1-1152x1536.jpg 1152w, https:\/\/inflancka4.pl\/wp-content\/uploads\/2024\/02\/AB-edited-1-350x467.jpg 350w, https:\/\/inflancka4.pl\/wp-content\/uploads\/2024\/02\/AB-edited-1.jpg 1497w\" sizes=\"(max-width: 768px) 100vw, 768px\" \/><\/figure><div class=\"wp-block-media-text__content\">\n<h3 class=\"wp-block-heading\"><\/h3>\n\n\n\n<p class=\"has-medium-font-size\">W 2022 roku uko\u0144czy\u0142a Uniwersytet Medyczny im. Piast\u00f3w \u015al\u0105skich we Wroc\u0142awiu. Nast\u0119pnie przez rok odbywa\u0142a sta\u017c w klinice w Katowicach. Obecnie w pracy zajmuje si\u0119 przede wszystkim nowoczesn\u0105 stomatologi\u0105 zachowawcz\u0105 w powi\u0119kszeniu. Interesuje si\u0119 r\u00f3wnie\u017c ortodoncj\u0105 i w tym kierunku rozpocz\u0119\u0142a nauk\u0119 na specjalistycznych kursach. Poza prac\u0105 interesuje si\u0119 podr\u00f3\u017cowaniem, muzyk\u0105, sztuk\u0105 oraz sportem.&nbsp;<\/p>\n\n\n\n<div class=\"wp-block-buttons is-layout-flex wp-block-buttons-is-layout-flex\">\n<div class=\"wp-block-button has-custom-font-size is-style-outline has-small-font-size is-style-outline--1\"><a class=\"wp-block-button__link no-border-radius wp-element-button\" href=\"https:\/\/inflancka4.pl\/index.php\/nasz-zespol\/\">Poznaj pozosta\u0142ych cz\u0142onk\u00f3w zespo\u0142u<\/a><\/div>\n<\/div>\n<\/div><\/div>\n\n\n\n<div class=\"wp-block-buttons is-layout-flex wp-block-buttons-is-layout-flex\"><\/div>\n","protected":false},"excerpt":{"rendered":"W 2022 roku uko\u0144czy\u0142a Uniwersytet Medyczny im. Piast\u00f3w \u015al\u0105skich we Wroc\u0142awiu. Nast\u0119pnie przez rok odbywa\u0142a sta\u017c w klinice w Katowicach. Obecnie w pracy zajmuje &hellip; <a href=\"https:\/\/inflancka4.pl\/index.php\/lek-stom-adrianna-buraczynska\/\" class=\"readmore\">More <span class=\"screen-reader-text\">Lek. stom. Adrianna Buraczy\u0144ska<\/span> &raquo;<\/a>","protected":false},"author":1,"featured_media":0,"parent":0,"menu_order":0,"comment_status":"closed","ping_status":"closed","template":"template-fullwidth.php","meta":{"_monsterinsights_skip_tracking":false,"_monsterinsights_sitenote_active":false,"_monsterinsights_sitenote_note":"","_monsterinsights_sitenote_category":0,"footnotes":""},"class_list":["post-1434","page","type-page","status-publish","hentry"],"aioseo_notices":[],"_links":{"self":[{"href":"https:\/\/inflancka4.pl\/index.php\/wp-json\/wp\/v2\/pages\/1434","targetHints":{"allow":["GET"]}}],"collection":[{"href":"https:\/\/inflancka4.pl\/index.php\/wp-json\/wp\/v2\/pages"}],"about":[{"href":"https:\/\/inflancka4.pl\/index.php\/wp-json\/wp\/v2\/types\/page"}],"author":[{"embeddable":true,"href":"https:\/\/inflancka4.pl\/index.php\/wp-json\/wp\/v2\/users\/1"}],"replies":[{"embeddable":true,"href":"https:\/\/inflancka4.pl\/index.php\/wp-json\/wp\/v2\/comments?post=1434"}],"version-history":[{"count":4,"href":"https:\/\/inflancka4.pl\/index.php\/wp-json\/wp\/v2\/pages\/1434\/revisions"}],"predecessor-version":[{"id":1596,"href":"https:\/\/inflancka4.pl\/index.php\/wp-json\/wp\/v2\/pages\/1434\/revisions\/1596"}],"wp:attachment":[{"href":"https:\/\/inflancka4.pl\/index.php\/wp-json\/wp\/v2\/media?parent=1434"}],"curies":[{"name":"wp","href":"https:\/\/api.w.org\/{rel}","templated":true}]}}